
Is 10 a factor of 11421?
False
Does 57 divide 1312?
False
Does 10 divide 19851?
False
Is 29 a factor of 368?
False
Is 5460 a multiple of 60?
True
Is 100 a factor of 9500?
True
Does 286 divide 6978?
False
Is 44 a multiple of 10?
False
Is 142 a multiple of 52?
False
Is 43 a factor of 3457?
False
Is 52 even?
True
Is 7 a factor of 22?
False
Is 224 a factor of 35840?
True
Is 75 a factor of 26550?
True
Is 20709 even?
False
Is 13 a factor of 27365?
True
Is 15582 a multiple of 49?
True
Does 40 divide 3280?
True
Is 107 a factor of 3120?
False
Does 14 divide 6678?
True
Does 23 divide 23299?
True
Is 116 a factor of 17864?
True
Is 37 a factor of 666?
True
Is 156 a multiple of 26?
True
Does 24 divide 1135?
False
Is 80 a factor of 6080?
True
Is 38813 a multiple of 80?
False
Is 5544 a multiple of 24?
True
Is 17 a factor of 13412?
False
Does 188 divide 65988?
True
Is 19314 a multiple of 74?
True
Is 30 a multiple of 30?
True
Does 11 divide 2435?
False
Is 34 a factor of 122?
False
Does 9 divide 666?
True
Is 8 a factor of 31800?
True
Is 4462 a multiple of 93?
False
Is 12 a factor of 96?
True
Is 19 a factor of 274?
False
Is 23 a factor of 69?
True
Is 75 a multiple of 13?
False
Is 2562 a multiple of 42?
True
Does 19 divide 874?
True
Is 18 a factor of 788?
False
Is 30 a factor of 3060?
True
Does 35 divide 5214?
False
Is 7137 a multiple of 13?
True
Is 59 a factor of 1475?
True
Is 5062 a multiple of 51?
False
Does 5 divide 17529?
False
Does 13 divide 1729?
True
Is 177 a multiple of 6?
False
Is 20930 a multiple of 91?
True
Is 140 a factor of 8998?
False
Is 2880 a multiple of 15?
True
Does 18 divide 3538?
False
Is 66 a factor of 50662?
False
Does 21 divide 2709?
True
Does 12 divide 34272?
True
Is 40 a factor of 1896?
False
Is 137 a factor of 14111?
True
Is 9151 a multiple of 37?
False
Is 836 a multiple of 22?
True
Does 23 divide 828?
True
Does 60 divide 1469?
False
Is 10 a factor of 13400?
True
Is 14 a factor of 378?
True
Is 17534 a multiple of 33?
False
Does 48 divide 9821?
False
Is 429 a multiple of 39?
True
Is 5698 a multiple of 150?
False
Does 15 divide 50?
False
Does 16 divide 896?
True
Does 47 divide 14476?
True
Is 11 a factor of 4029?
False
Is 21862 a multiple of 23?
False
Is 61 a multiple of 8?
False
Is 49 a factor of 5300?
False
Does 8 divide 2392?
True
Does 17 divide 38?
False
Is 14 a factor of 277?
False
Is 53 a factor of 6095?
True
Is 103 a factor of 824?
True
Is 335 a factor of 64655?
True
Is 33 a factor of 1533?
False
Is 216 a multiple of 23?
False
Does 14 divide 7439?
False
Is 9 a factor of 11414?
False
Is 30482 a multiple of 3?
False
Is 14 a factor of 489?
False
Is 6431 a multiple of 109?
True
Is 11 a factor of 1516?
False
Does 10 divide 160?
True
Is 137 a factor of 375?
False
Is 27 a factor of 10779?
False
Is 7 a factor of 1421?
True
Is 91 a factor of 5915?
True
Is 4 a factor of 130?
False
Is 19 a factor of 17214?
True
Does 11 divide 3531?
True
Is 9 a factor of 135?
True
Is 162 a multiple of 7?
False
Does 5 divide 208?
False
Is 4849 a multiple of 18?
False
Does 13 divide 13182?
True
Does 9 divide 378?
True
Is 57 a factor of 1052?
False
Does 51 divide 1530?
True
Does 11 divide 47457?
False
Does 5 divide 10005?
True
Is 10453 even?
False
Is 8 a factor of 10675?
False
Is 11 a factor of 24149?
False
Does 58 divide 1587?
False
Is 228 a multiple of 57?
True
Does 18 divide 98928?
True
Is 26 a factor of 19332?
False
Is 75 a factor of 4350?
True
Is 811 a multiple of 17?
False
Does 55 divide 495?
True
Is 24 a factor of 40080?
True
Is 4 a factor of 2348?
True
Is 11496 a multiple of 15?
False
Is 973 a multiple of 80?
False
Is 41340 a multiple of 30?
True
Does 25 divide 328?
False
Is 39 a factor of 780?
True
Is 49854 a multiple of 6?
True
Is 43 a factor of 31906?
True
Is 4 a factor of 1528?
True
Is 7884 a multiple of 292?
True
Does 13 divide 983?
False
Is 209 a multiple of 41?
False
Is 10 a factor of 23825?
False
Is 365 a multiple of 5?
True
Does 19 divide 1425?
True
Is 73 a factor of 13572?
False
Is 6512 a multiple of 148?
True
Is 2 a factor of 435?
False
Is 18 a factor of 723?
False
Does 22 divide 3875?
False
Is 3 a factor of 18690?
True
Does 47 divide 1217?
False
Does 109 divide 1635?
True
Does 43 divide 6281?
False
Is 63 a multiple of 59?
False
Is 8 a factor of 56?
True
Is 9 a factor of 8706?
False
Is 5085 a multiple of 113?
True
Is 15785 a multiple of 41?
True
Is 43 a factor of 7912?
True
Is 1667 a multiple of 15?
False
Does 11 divide 4602?
False
Does 16 divide 22800?
True
Is 1749 a multiple of 53?
True
Is 3 a factor of 125?
False
Does 39 divide 6669?
True
Is 55700 a multiple of 50?
True
Is 24 a factor of 5256?
True
Does 60 divide 28440?
True
Is 35752 a multiple of 109?
True
Does 4 divide 7816?
True
Does 15 divide 750?
True
Is 256 a multiple of 13?
False
Does 10 divide 9390?
True
Is 1363 a multiple of 41?
False
Is 368 a multiple of 8?
True
Is 39 a factor of 34868?
False
Is 16588 a multiple of 11?
True
Does 90 divide 49731?
False
Does 113 divide 1695?
True
Does 50 divide 700?
True
Is 32 a factor of 22912?
True
Does 14 divide 28728?
True
Is 60 a multiple of 4?
True
Does 7 divide 910?
True
Is 378 a multiple of 14?
True
Is 15 a factor of 6745?
False
Does 70 divide 61460?
True
Does 20 divide 19192?
False
Does 6 divide 72?
True
Is 46032 a multiple of 13?
False
Does 64 divide 1338?
False
Does 12 divide 113?
False
Is 26579 a multiple of 8?
False
Does 12 divide 1176?
True
Is 16200 a multiple of 45?
True
Is 4142 a multiple of 49?
False
Is 48 a factor of 5520?
True
Is 94 a factor of 564?
True
Is 5025 a multiple of 11?
False
Is 14 a factor of 83048?
True
Is 52 even?
True
Is 12 a factor of 84?
True
Is 12 a factor of 2042?
False
Is 17166 a multiple of 182?
False
Is 54 a factor of 1026?
True
Is 229 a factor of 21084?
False
Is 840 a multiple of 35?
True
Is 3060 a multiple of 102?
True
Does 46 divide 22172?
True
Is 6704 a multiple of 13?
False
Does 14 divide 8820?
True
Is 5107 a multiple of 144?
False
Does 6 divide 10768?
False
Does 97 divide 4171?
True
Does 50 divide 1600?
True
Does 17 divide 1853?
True
Does 5 divide 235?
True
Does 8 divide 1262?
False
Is 6 a factor of 714?
True
Does 309 divide 55800?
False
Is 4 a factor of 134?
False
Is 44 a factor of 9223?
False
Is 6840 a multiple of 57?
True
Is 7 a factor of 16865?
False
Is 2 a factor of 124?
True
Is 722 a multiple of 19?
True
Is 16 a multiple of 3?
False
Is 7 a factor of 700?
True
Is 16 a factor of 104636?
False
Is 1462 a multiple of 22?
False
Is 703 a multiple of 6?
False
Does 71 divide 25101?
False
Is 72 a multiple of 2?
True
Does 32 divide 6023?
False
Is 61794 a multiple of 72?
False
Does 12 divide 7788?
True
Is 6 a factor of 64393?
False
Is 3626 a multiple of 74?
True
Is 7320 a multiple of 60?
True
Is 116 a factor of 16124?
True
Is 1170 a multiple of 45?
True
Does 75 divide 9900?
True
Does 19 divide 1188?
False
Does 5 divide 1000?
True
Is 47 a factor of 940?
True
Is 924 a multiple of 28?
True
Is 234 a factor of 24570?
True
Does 124 divide 7000?
False
Does 13 divide 1191?
False
Is 1822 a multiple of 48?
False
Is 4470 a multiple of 17?
False
Is 4 a factor of 276?
True
Does 17 divide 1972?
True
Is 70 a factor of 4013?
False
Is 306 a multiple of 2?
True
Is 21 a factor of 72?
False
Does 16 divide 2159?
False
Is 14774 a multiple of 89?
True
Does 39 divide 3159?
True
Does 6 divide 32784?
True
Does 40 divide 13390?
False
Does 5 divide 75?
True
Does 8 divide 42688?
True
Does 203 divide 2639?
True
Is 27 a factor of 1917?
True
Is 12 a factor of 72?
True
Is 28 a factor of 931?
False
Does 84 divide 25490?
False
Does 13 divide 2378?
False
Does 30 divide 2340?
True
Is 14 a factor of 400?
False
Is 2 a factor of 200?
True
Does 2 divide 11913?
False
Is 28 a factor of 958?
False
Does 9 divide 5954?
False
Is 373 a multiple of 10?
False
Is 165 a multiple of 10?
False
Does 41 divide 3664?
False
Does 43 divide 11222?
False
Does 236 divide 21810?
False
Is 8 a factor of 4536?
True
Does 5 divide 1610?
True
Is 42 a factor of 3851?
False
Does 29 divide 11339?
True
Is 77022 a multiple of 18?
True
Does 5 divide 10557?
False
Does 31 divide 19995?
True
Does 13 divide 702?
True
Is 71 a factor of 2178?
False
Is 2013 a multiple of 32?
False
Is 2469 a multiple of 2?
False
Does 45 divide 5154?
False
Does 19 divide 936?
False
Is 161 a multiple of 12?